vide 22463261?
False
Does 17 divide 334476?
False
Does 13 divide 3477410?
False
Does 530 divide 2331532?
False
Does 13 divide 1746134?
True
Is 617 a factor of 4565183?
True
Is 52037 a multiple of 71?
False
Is 30 a factor of 370578?
False
Does 208 divide 1108010?
False
Does 9 divide 1074528?
True
Is 24 a factor of 11485056?
True
Is 51416 a multiple of 3?
False
Does 105 divide 395430?
True
Is 1643968 a multiple of 16?
True
Does 9 divide 437346?
True
Is 60545 a multiple of 4?
False
Is 3377827 a multiple of 83?
False
Is 807028 a multiple of 4?
True
Is 1019760 a multiple of 280?
True
Is 133857 a multiple of 223?
False
Is 11 a factor of 56265?
True
Does 48 divide 686112?
True
Does 71 divide 25702?
True
Is 132 a factor of 383460?
True
Is 5 a factor of 30151?
False
Is 3407680 a multiple of 46?
True
Is 1646007 a multiple of 33?
True
Does 7 divide 646779?
True
Is 1158024 a multiple of 42?
True
Is 19 a factor of 739459?
False
Does 7 divide 39823?
True
Is 1240389 a multiple of 3?
True
Is 16 a factor of 130129?
False
Is 440 a factor of 29182?
False
Does 259 divide 439005?
True
Is 14 a factor of 65800?
True
Is 3065319 a multiple of 153?
False
Does 61 divide 2699854?
False
Is 240227 a multiple of 116?
False
Does 14 divide 5521432?
True
Is 180320 a multiple of 295?
False
Is 840459 a multiple of 14?
False
Does 16 divide 1540914?
False
Is 22 a factor of 168168?
True
Is 193 a factor of 189988?
False
Does 364 divide 2046398?
False
Does 178 divide 235567?
False
Is 268000 a multiple of 50?
True
Is 169614 a multiple of 81?
True
Is 4 a factor of 2596263?
False
Is 1160082 a multiple of 63?
True
Is 286155 a multiple of 30?
False
Is 4693923 a multiple of 135?
False
Is 11 a factor of 62182?
False
Is 3 a factor of 229857?
True
Is 125 a factor of 13470618?
False
Is 1008952 a multiple of 172?
True
Is 3947996 a multiple of 24?
False
Is 145 a factor of 105773?
False
Does 20 divide 262712?
False
Does 271 divide 5024875?
False
Is 15 a factor of 454449?
False
Is 1370 a factor of 1049027?
False
Does 90 divide 13846?
False
Is 1390 a factor of 1545680?
True
Is 5501475 a multiple of 92?
False
Is 233689 a multiple of 31?
False
Is 19 a factor of 3111095?
False
Does 49 divide 11352124?
True
Is 6 a factor of 2524285?
False
Is 537 a factor of 1218990?
True
Is 891 a multiple of 14?
False
Is 676 a factor of 4215536?
True
Is 17 a factor of 9159516?
False
Is 45 a factor of 515987?
False
Does 27 divide 5536?
False
Is 2219504 a multiple of 298?
True
Is 33028 a multiple of 6?
False
Is 1307 a factor of 416086?
False
Is 641076 a multiple of 164?
True
Does 927 divide 8187264?
True
Is 218580 a multiple of 39?
False
Does 8 divide 1736272?
True
Is 276858 a multiple of 27?
True
Does 39 divide 3045223?
False
Is 56 a factor of 3598480?
False
Is 12008768 a multiple of 16?
True
Does 534 divide 5084214?
True
Is 6 a factor of 118546?
False
Is 416556 a multiple of 27?
True
Is 38512 a multiple of 10?
False
Is 239 a factor of 17447?
True
Is 229 a factor of 490289?
True
Is 258837 a multiple of 2?
False
Is 2183667 a multiple of 17?
True
Is 1504 a factor of 1960051?
False
Is 90 a factor of 2682090?
True
Is 548 a factor of 158616?
False
Is 2446198 a multiple of 279?
False
Is 1557747 a multiple of 104?
False
Is 450522 a multiple of 77?
False
Does 56 divide 560112?
True
Is 913329 a multiple of 683?
False
Is 100420 a multiple of 10?
True
Is 116 a factor of 447144?
False
Does 82 divide 7060747?
False
Is 55 a factor of 1435060?
True
Does 9 divide 6003?
True
Is 33120 a multiple of 96?
True
Does 21 divide 27?
False
Is 119 a factor of 404243?
True
Is 35 a factor of 63350?
True
Is 77088 a multiple of 16?
True
Does 86 divide 891046?
True
Is 24 a factor of 689939?
False
Is 9 a factor of 19351919?
False
Is 40 a factor of 159274?
False
Is 48 a factor of 431642?
False
Is 8 a factor of 1523352?
True
Does 261 divide 9078624?
True
Is 3 a factor of 668343?
True
Is 185425 a multiple of 201?
False
Does 208 divide 25606256?
True
Is 27 a factor of 4076001?
True
Does 268 divide 244637?
False
Is 19 a factor of 26183?
False
Does 62 divide 8009?
False
Does 551 divide 339416?
True
Is 531 a factor of 131688?
True
Is 103138 a multiple of 38?
False
Is 15 a factor of 306167?
False
Is 395570 a multiple of 479?
False
Does 289 divide 1408514?
False
Does 303 divide 464389?
False
Is 17 a factor of 9843?
True
Is 3311689 a multiple of 101?
True
Is 8 a factor of 20404?
False
Does 37 divide 141303?
True
Does 9 divide 57535?
False
Is 95 a factor of 1171730?
True
Is 188716 a multiple of 469?
False
Is 5 a factor of 36615?
True
Is 435 a factor of 1486124?
False
Is 21 a factor of 20622?
True
Is 233 a factor of 5116702?
False
Is 619565 a multiple of 85?
True
Does 14 divide 24758776?
True
Is 320 a factor of 212575?
False
Is 7096543 a multiple of 18?
False
Is 1335278 a multiple of 205?
False
Is 234017 a multiple of 97?
False
Is 409 a factor of 1125977?
True
Is 12536 a multiple of 9?
False
Is 195888 a multiple of 33?
True
Is 81330 a multiple of 63?
False
Is 36651 a multiple of 36?
False
Is 575536 a multiple of 104?
True
Does 209 divide 64999?
True
Is 4021705 a multiple of 18?
False
Is 41 a factor of 1174240?
True
Does 81 divide 9153?
True
Is 291360 a multiple of 240?
True
Is 19 a factor of 6723625?
True
Is 7 a factor of 3928311?
False
Is 1226806 a multiple of 152?
False
Does 249 divide 27864?
False
Is 29 a factor of 1325880?
True
Is 11 a factor of 4219798?
True
Does 998 divide 10220518?
True
Is 243346 a multiple of 326?
False
Is 232557 a multiple of 89?
True
Does 342 divide 110416?
False
Is 3252600 a multiple of 195?
True
Does 13 divide 24791?
True
Does 3 divide 25380?
True
Is 2293 a multiple of 3?
False
Does 316 divide 733633?
False
Is 246 a factor of 2304492?
False
Is 20092 a multiple of 2?
True
Is 1911692 a multiple of 13?
False
Does 7 divide 8193500?
True
Does 23 divide 7378745?
True
Is 394871 a multiple of 7?
False
Does 78 divide 7589244?
True
Does 5 divide 19410?
True
Does 5 divide 157105?
True
Is 263934 a multiple of 62?
True
Is 396069 a multiple of 37?
False
Is 10 a factor of 2462149?
False
Is 132128 a multiple of 7?
False
Is 221368 a multiple of 236?
True
Is 126162 even?
True
Does 5 divide 4793?
False
Is 384256 a multiple of 16?
True
Is 262 a factor of 1411986?
False
Is 7 a factor of 1008532?
True
Does 6 divide 229772?
False
Is 18 a factor of 117108?
True
Is 657 a factor of 3079315?
False
Is 97 a factor of 522279?
False
Does 12 divide 187080?
True
Is 173550 a multiple of 30?
True
Does 163 divide 28445?
False
Is 206 a factor of 163799?
False
Is 58617 a multiple of 4?
False
Is 998305 a multiple of 206?
False
Is 2153532 a multiple of 10?
False
Is 16 a factor of 63712?
True
Is 1166724 a multiple of 12?
True
Does 6 divide 2775075?
False
Is 465 a factor of 714445?
False
Does 77 divide 320943?
False
Is 66 a factor of 94945?
False
Is 3003602 a multiple of 7?
True
Does 13 divide 434473?
True
Is 148 a factor of 1057299?
False
Does 707 divide 1218146?
False
Does 37 divide 10495679?
True
Is 608501 a multiple of 7?
False
Does 6 divide 943096?
False
Is 5312075 a multiple of 85?
True
Is 140 a factor of 4417840?
True
Is 8681324 a multiple of 134?
True
Does 71 divide 1346018?
True
Is 4137007 a multiple of 365?
False
Is 3632928 a multiple of 246?
True
Is 8 a factor of 7011904?
True
Is 10 a factor of 31300?
True
Does 707 divide 350672?
True
Is 2151555 a multiple of 35?
True
Is 92 a factor of 13288020?
True
Does 164 divide 246820?
True
Does 233 divide 4782176?
False
Is 258657 a multiple of 21?
True
Is 497556 a multiple of 612?
True
Is 3 a factor of 1481606?
False
Does 22 divide 96349?
False
Is 135259 a multiple of 20?
False
Is 113 a factor of 6198163?
True
Does 2 divide 94289?
False
Is 175147 a multiple of 191?
True
Does 1380 divide 5343631?
False
Is 1263100 a multiple of 10?
True
Does 7 divide 1515736?
False
Does 312 divide 1898520?
True
Is 391685 a multiple of 155?
True
Is 27 a factor of 569295?
True
Is 20 a factor of 114060?
True
Is 5590905 a multiple of 15?
True
Does 244 divide 212809?
False
Does 8 divide 10681?
False
Is 12558 a multiple of 13?
True
Is 298 a factor of 107876?
True
Does 25 divide 258701?
False
Is 658 a factor of 703300?
False
Is 36 a factor of 2598590?
False
Is 8 a factor of 353845?
False
Does 196 divide 483532?
True
Does 71 divide 9314275?
False
D